 of i/(-125) + (-2)/(-10)?
2
Suppose -3565*s - 3572*s + 7160*s = 995210. What is the ten thousands digit of s?
4
Suppose -559 = -2*y + 65. Let r = 870 - y. Let p = r - 346. What is the hundreds digit of p?
2
Let p(q) = 2319*q**2 - 36*q + 29. What is the tens digit of p(-3)?
0
Let h(y) = 78*y + 1. Let z be h(-1). Let s(o) = o**3 - 26*o**2 + 74*o + 142. Let k be s(23). Let n = k + z. What is the hundreds digit of n?
1
Let w(g) = g**2 + 20*g + 351. Suppose -4*o = -3*y - 12, -9*o + 13*o - 5*y - 20 = 0. What is the tens digit of w(o)?
5
Let b(y) = y - 3. Let m be b(8). Let q = -128 + 307. Suppose -q = -m*w + 286. What is the tens digit of w?
9
Suppose 79*l = 87*l. Suppose -g - 4*i + 1021 = l, g + i - 1009 = 3*i. What is the hundreds digit of g?
0
Let h(d) = -d**3 - 54*d**2 + 38*d + 332. What is the units digit of h(-55)?
7
Let i(v) = 31*v**2 + 198*v - 3908. What is the hundreds digit of i(24)?
7
Suppose -5*d = -4*m - 372166, 13*d - 223298 = 10*d + 2*m. What is the units digit of d?
0
Let b = -10868 - -20140. What is the units digit of b?
2
Let i be (-3)/2*(-12)/9. Suppose i*p = 3*q - 0*p + 3, -2*q = -p + 3. What is the tens digit of 62/(q/(27/(-6)))?
9
Let k(b) = b + 64. Let q be k(-21). Suppose -g + 2*g = -3*x + 67, -g + 3*x = -q. Let d = g - 22. What is the units digit of d?
3
Suppose -3*k = 2*k - 840. Let u = -488 - -584. Let y = k - u. What is the tens digit of y?
7
Let n = 38 - 32. Suppose n*k = 18 + 12. Suppose k*m - 3*r + 6*r - 349 = 0, -4*r + 148 = 2*m. What is the tens digit of m?
6
Suppose -7*j - 18 = -6*j. Let r be 6/(j/6) + (12 - 1). Suppose r*q - 3*q = 372. What is the tens digit of q?
6
Let c(o) = 110*o**2 + 211*o + 478. What is the tens digit of c(-16)?
6
Let i(f) = f**2 - 15*f + 56. Let t be i(9). Suppose -3*n = 3*k - 138, -4*k - n + 2*n + 209 = 0. Suppose m - k = -t. What is the units digit of m?
9
Let g(d) = -d**3 - 4*d**2 - 7*d + 9. Let w be g(-6). Let p = -415 + w. What is the units digit of (12/(-8))/(3/p)?
6
Let z = -428 + 680. Suppose -2*p + 5*b + 150 = 0, -4*p - 5*b + 3*b = -z. What is the units digit of p?
5
Suppose 41*p = 17397 + 24833. What is the units digit of p?
0
Let k = -668 - -692. Suppose 32180 = k*r + 3956. What is the tens digit of r?
7
Suppose -72 = -8*v + 80. Let s(u) = u - 12. Let c be s(v). What is the tens digit of 35/c*-34*(-3)/15?
3
Let f(j) be the third derivative of j**4/4 + 2*j**3/3 - 14*j**2. Let d be f(-2). What is the units digit of (50/d)/(6/(-72))?
5
Suppose 0 = 5*q - 755 - 1715. Let s = 2037 - q. What is the thousands digit of s?
1
Let w(q) = 3 + 4*q + 18 - 3*q + q. Let m be w(-9). Suppose -2*b - 48 = -m*b - n, -3*n = 3. What is the units digit of b?
9
Let m(q) = 110*q + 24. Let h be m(21). Suppose -8*y + 1930 + h = 0. What is the hundreds digit of y?
5
Suppose 3*w + 92*n - 6216 = 89*n, 4*n - 16 = 0. What is the hundreds digit of w?
0
Let x(f) = 623*f**2 + 45*f - 24. What is the tens digit of x(8)?
0
Let a = 536 + -536. Suppose 62*o - 69*o + 6335 = a. What is the units digit of o?
5
Suppose -27*k + 309133 = -51614. What is the units digit of k?
1
Suppose -4*i = -3*d + 21290, 7*d = 6*d + 4*i + 7110. What is the units digit of d?
0
Let j(n) = 516*n + 1184. What is the tens digit of j(7)?
9
Suppose -2*n - 120 = -0*o + 5*o, 0 = -n - 4*o - 63. Let k = 14 - n. Let d = k + 15. What is the tens digit of d?
8
Let l(c) = c**3 + 14*c**2 + 5. Let z be l(-14). Suppose 8*t - 7*t - z = 0. Suppose 16 = t*g - g. What is the units digit of g?
4
Let y(p) = p**3 + 29*p**2 + 12*p - 3. Let a be y(-28). Suppose n = a + 279. What is the tens digit of n?
2
Let p be 84 - 7/((-21)/6). Suppose -2*o + 5*w = -117, -o + 3*w - p = -2*o. Suppose -2*b = -3*c + 91, -3*c - b - b + o = 0. What is the units digit of c?
7
Let l(f) = 13*f**2 - 3*f**2 - 6*f**2 + 13*f - 3. What is the hundreds digit of l(5)?
1
Let k = 193 + -1576. What is the hundreds digit of (7 + -6 + k)*18/(-12)?
0
Suppose 32*j + 10130 = 469162 + 34792. What is the ten thousands digit of j?
1
Let z be (-6 + (-132)/(-8))*(0 + -2). Let w(q) = -32*q + 97. What is the hundreds digit of w(z)?
7
Let m(i) = 3*i + 39. Let r be m(-12). Suppose 2*j - 17 = -2*a - 3, -r*a + 13 = j. Suppose -o + 3*o = x - 180, 711 = j*x - 5*o. What is the hundreds digit of x?
1
Suppose -5*c = -2*b - 0*c - 5, -5*b = -c - 22. What is the units digit of 12 + (-30)/b - -687?
3
Let z(g) = -31*g**3 + 26*g**2 - 3*g + 30. What is the hundreds digit of z(-7)?
9
Suppose -4*c + 2*o - 1390 = 0, 6*c - 4*c - 4*o + 710 = 0. Let w = c + 2355. Suppose -8*v - 7*v + w = 0. What is the tens digit of v?
3
Suppose -30*p - 73264 + 658564 = 0. What is the hundreds digit of p?
5
Suppose o = 12*o - 4961. Suppose o*b - 448*b - 1986 = 0. What is the units digit of b?
2
Suppose z + 13 = -2*a, 2*z + 0*a + 31 = -3*a. Let i = z + 41. Suppose 5*l + 2 = -i, -5*l = -2*s + 190. What is the tens digit of s?
8
Suppose -87*y + 140*y - 858680 = -216691. What is the tens digit of y?
1
Let f = -17434 + 30497. What is the hundreds digit of f?
0
Let g(j) = -3*j - 12. Suppose -3*n - 2*p - 2 + 10 = 0, 0 = -5*n - 4*p + 16. Let s = n + -5. What is the units digit of g(s)?
3
Let h be (-6)/(-8)*130/(-39)*-2. Suppose 0 = 4*g + h*x - 62 - 22, -80 = -4*g - 4*x. What is the units digit of g?
6
Let z(n) = 82*n + 22. Let r be z(6). Let h = 937 - r. What is the tens digit of h?
2
Let y(p) = -86*p + 1. Let r be y(-1). Let o = 50 - r. Let k = o + 51. What is the tens digit of k?
1
Suppose 5*z + 7 = 22. Suppose 111 = 6*r - z*r. What is the units digit of r?
7
Suppose 683794 - 9994 = 30*p. What is the tens digit of p?
6
Let w(k) = 0*k + k**3 - 4*k - 3 - 7*k**2 + 0*k + 2*k**2. Let x be (93/62)/((-1)/(-4)). What is the units digit of w(x)?
9
Let z = 71 - 66. Suppose 10*g + z*b = 6*g + 1180, -2*b - 1208 = -4*g. What is the tens digit of g?
0
Let q(p) = -44*p**2 + p - 1. Let l be q(-2). Let x be 158/(-3)*(-225)/(-150). Let r = x - l. What is the tens digit of r?
0
Let z be (-32)/12*(-225)/3. Suppose f - 3*n = z, -24*f - n = -21*f - 550. What is the units digit of f?
5
Let s(p) = 6*p - 28. Let v(z) = -3*z + 14. Let g = -56 - -54. Let l(w) = g*s(w) - 5*v(w). What is the units digit of l(10)?
6
What is the hundreds digit of ((-19 + 607)/(-14))/(7508/(-2502) + 3)?
5
What is the hundreds digit of 4*(-3 + 2) - (-4 + -8 + -6384)?
3
What is the ten thousands digit of (-91957086)/(-2407) + 20/(-830)?
3
Let f = -78 - -78. Suppose f = -3*r + 7*r - 1956. What is the units digit of r?
9
Let t = 16894 - 10743. What is the thousands digit of t?
6
Let w(n) = -n**3 - 11*n**2 + 26*n + 4. Let z be w(-13). Let u be (1 - z) + 2/((-2)/(-3)). Suppose u = 4*l - 3*l - 1. What is the units digit of l?
1
Let r(y) = -y - 12. Let m be r(-16). Suppose 2*l + 31 = a + m*a, -2*l - 16 = -2*a. Suppose 0 = -4*z + 4, -5*b - 4*z = -a*z - 489. What is the tens digit of b?
9
Let a = -363 - -592. Suppose -a = 3*r - c - 674, 2*r + 3*c - 282 = 0. Suppose -5*i + r = 2*m - 6*i, -3*m + 228 = -3*i. What is the tens digit of m?
7
Let h(a) = 41*a**3 - 2*a**2 - a. Suppose -4*c + 21 = -5*n, -c - 5*n - 26 = -0*n. Let o be h(c). Let v = o - -100. What is the tens digit of v?
5
Let v = 254 - 120. What is the tens digit of (-2138)/(-4) - (-67)/v?
3
Let h(g) = 7*g**2 + g - 612. What is the hundreds digit of h(-37)?
9
Let w be 3*(-4 - 30/(-9)). Let v(i) = 30*i - 14. Let y be v(w). What is the units digit of (12 + 2)*2*y/(-8)?
9
Let d(c) = 113*c - 4. Let q be d(3). Let t(h) = 2*h**2 - 116*h + 5. Let j be t(58). Suppose 343 = 5*v + z, v - j*z = 6*v - q. What is the tens digit of v?
6
Let a(p) = -p**3 - 100*p**2 + 233*p + 895. What is the tens digit of a(-108)?
4
Suppose -5*s - 2*s + 210 = 0. Suppose 0 = -5*b + 4*u - s, 14 = -5*b - 4*u - 16. What is the units digit of b + 174/30 - 1166/(-5)?
3
Let f = 7052 + -2616. Suppose -6*t = 1180 + f. What is the units digit of 3/5 - t/40?
4
Let h = -12 - -12. Suppose u + 11 + 11 = h. Let f = u - -39. What is the tens digit of f?
1
Let y(c) be the first derivative of c**3 + 7*c**2 + 20*c - 70. What is the units digit of y(-3)?
5
Let n(r) = 5*r + 1. Let t(w) = -39*w - 44. Let g(m) = 4*n(m) + t(m). What is the units digit of g(-19)?
1
Let f = -892 - -4164. What is the tens digit of f?
7
Suppose -16*r - 15822 = -2*v - 11*r, 23713 = 3*v - 10*r. What is the tens digit of v?
3
What i